[INFO] cloning repository https://github.com/SarpAkin/discord_gamble_bot
[INFO] running `Command { std: "git" "-c" "credential.helper=" "-c" "credential.helper=/workspace/cargo-home/bin/git-credential-null" "clone" "--bare" "https://github.com/SarpAkin/discord_gamble_bot" "/workspace/cache/git-repos/https%3A%2F%2Fgithub.com%2FSarpAkin%2Fdiscord_gamble_bot", kill_on_drop: false }`
[INFO] [stderr] Cloning into bare repository '/workspace/cache/git-repos/https%3A%2F%2Fgithub.com%2FSarpAkin%2Fdiscord_gamble_bot'...
[INFO] running `Command { std: "git" "rev-parse" "HEAD", kill_on_drop: false }`
[INFO] [stdout] 616703bdd205ef5da104b1aebd26d1637a4e568b
[INFO] checking SarpAkin/discord_gamble_bot against master#9610dfe5a9a731ced1ea4923ecbd0c57fe367898 for beta-170-4
[INFO] running `Command { std: "git" "clone" "/workspace/cache/git-repos/https%3A%2F%2Fgithub.com%2FSarpAkin%2Fdiscord_gamble_bot" "/workspace/builds/worker-5-tc1/source", kill_on_drop: false }`
[INFO] [stderr] Cloning into '/workspace/builds/worker-5-tc1/source'...
[INFO] [stderr] done.
[INFO] validating manifest of git repo https://github.com/SarpAkin/discord_gamble_bot on toolchain 9610dfe5a9a731ced1ea4923ecbd0c57fe367898
[INFO] running `Command { std: CARGO_HOME="/workspace/cargo-home" RUSTUP_HOME="/workspace/rustup-home" "/workspace/cargo-home/bin/cargo" "+9610dfe5a9a731ced1ea4923ecbd0c57fe367898" "metadata" "--manifest-path" "Cargo.toml" "--no-deps", kill_on_drop: false }`
[INFO] removed /workspace/builds/worker-5-tc1/source/rust-toolchain.toml
[INFO] started tweaking git repo https://github.com/SarpAkin/discord_gamble_bot
[INFO] finished tweaking git repo https://github.com/SarpAkin/discord_gamble_bot
[INFO] tweaked toml for git repo https://github.com/SarpAkin/discord_gamble_bot written to /workspace/builds/worker-5-tc1/source/Cargo.toml
[INFO] crate git repo https://github.com/SarpAkin/discord_gamble_bot already has a lockfile, it will not be regenerated
[INFO] running `Command { std: CARGO_HOME="/workspace/cargo-home" RUSTUP_HOME="/workspace/rustup-home" "/workspace/cargo-home/bin/cargo" "+9610dfe5a9a731ced1ea4923ecbd0c57fe367898" "fetch" "--manifest-path" "Cargo.toml", kill_on_drop: false }`
[INFO] [stderr]  Downloading crates ...
[INFO] [stderr]   Downloaded serenity v0.11.2
[INFO] running `Command { std: "docker" "create" "-v" "/var/lib/crater-agent-workspace/builds/worker-5-tc1/target:/opt/rustwide/target:rw,Z" "-v" "/var/lib/crater-agent-workspace/builds/worker-5-tc1/source:/opt/rustwide/workdir:ro,Z" "-v" "/var/lib/crater-agent-workspace/cargo-home:/opt/rustwide/cargo-home:ro,Z" "-v" "/var/lib/crater-agent-workspace/rustup-home:/opt/rustwide/rustup-home:ro,Z" "-e" "SOURCE_DIR=/opt/rustwide/workdir" "-e" "CARGO_TARGET_DIR=/opt/rustwide/target" "-e" "CARGO_HOME=/opt/rustwide/cargo-home" "-e" "RUSTUP_HOME=/opt/rustwide/rustup-home" "-w" "/opt/rustwide/workdir" "-m" "1610612736" "--user" "0:0" "--network" "none" "ghcr.io/rust-lang/crates-build-env/linux@sha256:19e73879b68f455e41552ea35293514db52ea292d993f571636dbffedb77a1ee" "/opt/rustwide/cargo-home/bin/cargo" "+9610dfe5a9a731ced1ea4923ecbd0c57fe367898" "metadata" "--no-deps" "--format-version=1", kill_on_drop: false }`
[INFO] [stdout] 178a51e2962cce9bd0f9776990ff9442d7107132cbf7c6752478ea14015d8356
[INFO] running `Command { std: "docker" "start" "-a" "178a51e2962cce9bd0f9776990ff9442d7107132cbf7c6752478ea14015d8356", kill_on_drop: false }`
[INFO] running `Command { std: "docker" "inspect" "178a51e2962cce9bd0f9776990ff9442d7107132cbf7c6752478ea14015d8356", kill_on_drop: false }`
[INFO] running `Command { std: "docker" "rm" "-f" "178a51e2962cce9bd0f9776990ff9442d7107132cbf7c6752478ea14015d8356", kill_on_drop: false }`
[INFO] [stdout] 178a51e2962cce9bd0f9776990ff9442d7107132cbf7c6752478ea14015d8356
[INFO] running `Command { std: "docker" "create" "-v" "/var/lib/crater-agent-workspace/builds/worker-5-tc1/target:/opt/rustwide/target:rw,Z" "-v" "/var/lib/crater-agent-workspace/builds/worker-5-tc1/source:/opt/rustwide/workdir:ro,Z" "-v" "/var/lib/crater-agent-workspace/cargo-home:/opt/rustwide/cargo-home:ro,Z" "-v" "/var/lib/crater-agent-workspace/rustup-home:/opt/rustwide/rustup-home:ro,Z" "-e" "SOURCE_DIR=/opt/rustwide/workdir" "-e" "CARGO_TARGET_DIR=/opt/rustwide/target" "-e" "CARGO_INCREMENTAL=0" "-e" "RUST_BACKTRACE=full" "-e" "RUSTFLAGS=--cap-lints=forbid" "-e" "RUSTDOCFLAGS=--cap-lints=forbid" "-e" "CARGO_HOME=/opt/rustwide/cargo-home" "-e" "RUSTUP_HOME=/opt/rustwide/rustup-home" "-w" "/opt/rustwide/workdir" "-m" "1610612736" "--user" "0:0" "--network" "none" "ghcr.io/rust-lang/crates-build-env/linux@sha256:19e73879b68f455e41552ea35293514db52ea292d993f571636dbffedb77a1ee" "/opt/rustwide/cargo-home/bin/cargo" "+9610dfe5a9a731ced1ea4923ecbd0c57fe367898" "check" "--frozen" "--all" "--all-targets" "--message-format=json", kill_on_drop: false }`
[INFO] [stdout] 8c5ba15a9743aac74bfa76b32e4771377ce2cd459503b7ddc8105fcaa60dcc39
[INFO] running `Command { std: "docker" "start" "-a" "8c5ba15a9743aac74bfa76b32e4771377ce2cd459503b7ddc8105fcaa60dcc39", kill_on_drop: false }`
[INFO] [stderr]    Compiling libc v0.2.125
[INFO] [stderr]     Checking cfg-if v1.0.0
[INFO] [stderr]    Compiling proc-macro2 v1.0.38
[INFO] [stderr]    Compiling version_check v0.9.4
[INFO] [stderr]    Compiling unicode-xid v0.2.3
[INFO] [stderr]    Compiling autocfg v1.1.0
[INFO] [stderr]    Compiling syn v1.0.93
[INFO] [stderr]     Checking once_cell v1.10.0
[INFO] [stderr]    Compiling cc v1.0.73
[INFO] [stderr]    Compiling memchr v2.5.0
[INFO] [stderr]    Compiling log v0.4.17
[INFO] [stderr]     Checking pin-project-lite v0.2.9
[INFO] [stderr]     Checking bytes v1.1.0
[INFO] [stderr]    Compiling parking_lot_core v0.9.3
[INFO] [stderr]     Checking smallvec v1.8.0
[INFO] [stderr]    Compiling futures-core v0.3.21
[INFO] [stderr]     Checking itoa v1.0.1
[INFO] [stderr]    Compiling serde_derive v1.0.137
[INFO] [stderr]     Checking scopeguard v1.1.0
[INFO] [stderr]     Checking spin v0.5.2
[INFO] [stderr]     Checking futures-sink v0.3.21
[INFO] [stderr]     Checking untrusted v0.7.1
[INFO] [stderr]    Compiling serde v1.0.137
[INFO] [stderr]    Compiling futures-channel v0.3.21
[INFO] [stderr]    Compiling typenum v1.15.0
[INFO] [stderr]    Compiling futures-task v0.3.21
[INFO] [stderr]     Checking fnv v1.0.7
[INFO] [stderr]    Compiling futures-util v0.3.21
[INFO] [stderr]    Compiling ahash v0.7.6
[INFO] [stderr]    Compiling lock_api v0.4.7
[INFO] [stderr]    Compiling generic-array v0.14.5
[INFO] [stderr]     Checking http v0.2.7
[INFO] [stderr]    Compiling unicase v2.6.0
[INFO] [stderr]     Checking slab v0.4.6
[INFO] [stderr]    Compiling httparse v1.7.1
[INFO] [stderr]     Checking tinyvec_macros v0.1.0
[INFO] [stderr]     Checking matches v0.1.9
[INFO] [stderr]     Checking futures-io v0.3.21
[INFO] [stderr]     Checking lazy_static v1.4.0
[INFO] [stderr]     Checking pin-utils v0.1.0
[INFO] [stderr]    Compiling rustls v0.20.4
[INFO] [stderr]     Checking tinyvec v1.6.0
[INFO] [stderr]     Checking tracing-core v0.1.26
[INFO] [stderr]    Compiling num-traits v0.2.15
[INFO] [stderr]    Compiling indexmap v1.8.1
[INFO] [stderr]     Checking percent-encoding v2.1.0
[INFO] [stderr]     Checking unicode-bidi v0.3.8
[INFO] [stderr]     Checking form_urlencoded v1.0.1
[INFO] [stderr]    Compiling quote v1.0.18
[INFO] [stderr]     Checking try-lock v0.2.3
[INFO] [stderr]     Checking base64 v0.13.0
[INFO] [stderr]     Checking ppv-lite86 v0.2.16
[INFO] [stderr]     Checking want v0.3.0
[INFO] [stderr]    Compiling mime_guess v2.0.4
[INFO] [stderr]    Compiling pkg-config v0.3.25
[INFO] [stderr]    Compiling encoding_rs v0.8.31
[INFO] [stderr]    Compiling crc32fast v1.3.2
[INFO] [stderr]     Checking http-body v0.4.4
[INFO] [stderr]     Checking httpdate v1.0.2
[INFO] [stderr]     Checking getrandom v0.2.6
[INFO] [stderr]     Checking signal-hook-registry v1.4.0
[INFO] [stderr]    Compiling ring v0.16.20
[INFO] [stderr]     Checking socket2 v0.4.4
[INFO] [stderr]     Checking mio v0.8.3
[INFO] [stderr]     Checking num_cpus v1.13.1
[INFO] [stderr]     Checking rand_core v0.6.3
[INFO] [stderr]     Checking ryu v1.0.9
[INFO] [stderr]     Checking parking_lot v0.12.0
[INFO] [stderr]    Compiling serde_json v1.0.81
[INFO] [stderr]     Checking rand_chacha v0.3.1
[INFO] [stderr]     Checking hashbrown v0.11.2
[INFO] [stderr]    Compiling vcpkg v0.2.15
[INFO] [stderr]     Checking tower-service v0.3.1
[INFO] [stderr]     Checking cpufeatures v0.2.2
[INFO] [stderr]    Compiling num-integer v0.1.45
[INFO] [stderr]     Checking byteorder v1.4.3
[INFO] [stderr]     Checking mime v0.3.16
[INFO] [stderr]     Checking unicode-normalization v0.1.19
[INFO] [stderr]     Checking adler v1.0.2
[INFO] [stderr]     Checking rand v0.8.5
[INFO] [stderr]    Compiling async-trait v0.1.53
[INFO] [stderr]     Checking utf-8 v0.7.6
[INFO] [stderr]     Checking miniz_oxide v0.5.1
[INFO] [stderr]     Checking rustls-pemfile v0.3.0
[INFO] [stderr]     Checking aho-corasick v0.7.18
[INFO] [stderr]    Compiling serenity v0.11.2
[INFO] [stderr]     Checking bitflags v1.3.2
[INFO] [stderr]     Checking regex-syntax v0.6.25
[INFO] [stderr]     Checking ipnet v2.5.0
[INFO] [stderr]     Checking num_threads v0.1.6
[INFO] [stderr]     Checking flate2 v1.0.23
[INFO] [stderr]     Checking hashlink v0.7.0
[INFO] [stderr]     Checking ordered-float v2.10.0
[INFO] [stderr]     Checking time v0.1.44
[INFO] [stderr]     Checking fallible-iterator v0.2.0
[INFO] [stderr]     Checking typemap_rev v0.1.5
[INFO] [stderr]    Compiling libsqlite3-sys v0.24.2
[INFO] [stderr]     Checking fallible-streaming-iterator v0.1.9
[INFO] [stderr]     Checking crypto-common v0.1.3
[INFO] [stderr]     Checking block-buffer v0.10.2
[INFO] [stderr]     Checking digest v0.10.3
[INFO] [stderr]     Checking chrono v0.4.19
[INFO] [stderr]     Checking sha-1 v0.10.0
[INFO] [stderr]     Checking idna v0.2.3
[INFO] [stderr]     Checking futures v0.3.21
[INFO] [stderr]     Checking regex v1.5.5
[INFO] [stderr]     Checking webpki v0.22.0
[INFO] [stderr]     Checking sct v0.7.0
[INFO] [stderr]     Checking scan_fmt v0.2.6
[INFO] [stderr]     Checking webpki-roots v0.22.3
[INFO] [stderr]    Compiling tokio-macros v1.7.0
[INFO] [stderr]    Compiling tracing-attributes v0.1.21
[INFO] [stderr]    Compiling thiserror-impl v1.0.31
[INFO] [stderr]     Checking tokio v1.18.2
[INFO] [stderr]     Checking thiserror v1.0.31
[INFO] [stderr]     Checking tracing v0.1.34
[INFO] [stderr]     Checking tokio-util v0.7.1
[INFO] [stderr]     Checking tokio-rustls v0.23.4
[INFO] [stderr]     Checking tokio-util v0.6.9
[INFO] [stderr]     Checking h2 v0.3.13
[INFO] [stderr]     Checking rusqlite v0.27.0
[INFO] [stderr]     Checking url v2.2.2
[INFO] [stderr]     Checking serde_urlencoded v0.7.1
[INFO] [stderr]     Checking time v0.3.9
[INFO] [stderr]     Checking serde-value v0.7.0
[INFO] [stderr]     Checking tungstenite v0.17.2
[INFO] [stderr]     Checking async-tungstenite v0.17.2
[INFO] [stderr]     Checking hyper v0.14.18
[INFO] [stderr]     Checking hyper-rustls v0.23.0
[INFO] [stderr]     Checking reqwest v0.11.10
[INFO] [stderr]     Checking discord_bot v0.1.0 (/opt/rustwide/workdir)
[INFO] [stdout] warning: unused import: `serenity::model::mention`
[INFO] [stdout]  --> src/handler.rs:6:5
[INFO] [stdout]   |
[INFO] [stdout] 6 | use serenity::model::mention;
[INFO] [stdout]   |     ^^^^^^^^^^^^^^^^^^^^^^^^
[INFO] [stdout]   |
[INFO] [stdout]   = note: `#[warn(unused_imports)]` on by default
[INFO] [stdout] 
[INFO] [stdout] 
[INFO] [stdout] warning: unused imports: `guild::Guild`, `prelude::User`
[INFO] [stdout]  --> src/handler.rs:9:47
[INFO] [stdout]   |
[INFO] [stdout] 9 |     model::{channel::Message, gateway::Ready, guild::Guild, prelude::User},
[INFO] [stdout]   |                                               ^^^^^^^^^^^^  ^^^^^^^^^^^^^
[INFO] [stdout] 
[INFO] [stdout] 
[INFO] [stdout] warning: unused imports: `Deserialize`, `Serialize`
[INFO] [stdout]   --> src/handler.rs:14:13
[INFO] [stdout]    |
[INFO] [stdout] 14 | use serde::{Deserialize, Serialize};
[INFO] [stdout]    |             ^^^^^^^^^^^  ^^^^^^^^^
[INFO] [stdout] 
[INFO] [stdout] 
[INFO] [stdout] warning: unused import: `serenity::model::mention`
[INFO] [stdout]  --> src/handler.rs:6:5
[INFO] [stdout]   |
[INFO] [stdout] 6 | use serenity::model::mention;
[INFO] [stdout]   |     ^^^^^^^^^^^^^^^^^^^^^^^^
[INFO] [stdout]   |
[INFO] [stdout]   = note: `#[warn(unused_imports)]` on by default
[INFO] [stdout] 
[INFO] [stdout] 
[INFO] [stdout] warning: unused import: `std::collections::HashMap`
[INFO] [stdout]   --> src/handler.rs:17:5
[INFO] [stdout]    |
[INFO] [stdout] 17 | use std::collections::HashMap;
[INFO] [stdout]    |     ^^^^^^^^^^^^^^^^^^^^^^^^^
[INFO] [stdout] 
[INFO] [stdout] 
[INFO] [stdout] warning: unused import: `std::time`
[INFO] [stdout]   --> src/handler.rs:20:5
[INFO] [stdout]    |
[INFO] [stdout] 20 | use std::time;
[INFO] [stdout]    |     ^^^^^^^^^
[INFO] [stdout] 
[INFO] [stdout] 
[INFO] [stdout] warning: unused imports: `guild::Guild`, `prelude::User`
[INFO] [stdout]  --> src/handler.rs:9:47
[INFO] [stdout]   |
[INFO] [stdout] 9 |     model::{channel::Message, gateway::Ready, guild::Guild, prelude::User},
[INFO] [stdout]   |                                               ^^^^^^^^^^^^  ^^^^^^^^^^^^^
[INFO] [stdout] 
[INFO] [stdout] 
[INFO] [stdout] warning: unused import: `rand::prelude::*`
[INFO] [stdout]  --> src/games/mod.rs:3:5
[INFO] [stdout]   |
[INFO] [stdout] 3 | use rand::prelude::*;
[INFO] [stdout]   |     ^^^^^^^^^^^^^^^^
[INFO] [stdout] 
[INFO] [stdout] 
[INFO] [stdout] warning: unused imports: `Deserialize`, `Serialize`
[INFO] [stdout]   --> src/handler.rs:14:13
[INFO] [stdout]    |
[INFO] [stdout] 14 | use serde::{Deserialize, Serialize};
[INFO] [stdout]    |             ^^^^^^^^^^^  ^^^^^^^^^
[INFO] [stdout] 
[INFO] [stdout] 
[INFO] [stdout] warning: unused import: `scan_fmt::scan_fmt`
[INFO] [stdout]  --> src/games/mod.rs:4:5
[INFO] [stdout]   |
[INFO] [stdout] 4 | use scan_fmt::scan_fmt;
[INFO] [stdout]   |     ^^^^^^^^^^^^^^^^^^
[INFO] [stdout] 
[INFO] [stdout] 
[INFO] [stdout] warning: unused import: `std::collections::HashMap`
[INFO] [stdout]   --> src/handler.rs:17:5
[INFO] [stdout]    |
[INFO] [stdout] 17 | use std::collections::HashMap;
[INFO] [stdout]    |     ^^^^^^^^^^^^^^^^^^^^^^^^^
[INFO] [stdout] 
[INFO] [stdout] 
[INFO] [stdout] warning: unused import: `std::time::Duration`
[INFO] [stdout]  --> src/games/mod.rs:7:5
[INFO] [stdout]   |
[INFO] [stdout] 7 | use std::time::Duration;
[INFO] [stdout]   |     ^^^^^^^^^^^^^^^^^^^
[INFO] [stdout] 
[INFO] [stdout] 
[INFO] [stdout] warning: unused import: `std::time`
[INFO] [stdout]   --> src/handler.rs:20:5
[INFO] [stdout]    |
[INFO] [stdout] 20 | use std::time;
[INFO] [stdout]    |     ^^^^^^^^^
[INFO] [stdout] 
[INFO] [stdout] 
[INFO] [stdout] warning: unused import: `std::vec`
[INFO] [stdout]  --> src/games/mod.rs:8:5
[INFO] [stdout]   |
[INFO] [stdout] 8 | use std::vec;
[INFO] [stdout]   |     ^^^^^^^^
[INFO] [stdout] 
[INFO] [stdout] 
[INFO] [stdout] warning: unused import: `rand::prelude::*`
[INFO] [stdout]  --> src/games/mod.rs:3:5
[INFO] [stdout]   |
[INFO] [stdout] 3 | use rand::prelude::*;
[INFO] [stdout]   |     ^^^^^^^^^^^^^^^^
[INFO] [stdout] 
[INFO] [stdout] 
[INFO] [stdout] warning: unused import: `tokio::join`
[INFO] [stdout]  --> src/games/mod.rs:9:5
[INFO] [stdout]   |
[INFO] [stdout] 9 | use tokio::join;
[INFO] [stdout]   |     ^^^^^^^^^^^
[INFO] [stdout] 
[INFO] [stdout] 
[INFO] [stdout] warning: unused import: `scan_fmt::scan_fmt`
[INFO] [stdout]  --> src/games/mod.rs:4:5
[INFO] [stdout]   |
[INFO] [stdout] 4 | use scan_fmt::scan_fmt;
[INFO] [stdout]   |     ^^^^^^^^^^^^^^^^^^
[INFO] [stdout] 
[INFO] [stdout] 
[INFO] [stdout] warning: unused import: `std::time::Duration`
[INFO] [stdout]  --> src/games/mod.rs:7:5
[INFO] [stdout]   |
[INFO] [stdout] 7 | use std::time::Duration;
[INFO] [stdout]   |     ^^^^^^^^^^^^^^^^^^^
[INFO] [stdout] 
[INFO] [stdout] 
[INFO] [stdout] warning: unused import: `tokio::time::sleep`
[INFO] [stdout]   --> src/games/mod.rs:10:5
[INFO] [stdout]    |
[INFO] [stdout] 10 | use tokio::time::sleep;
[INFO] [stdout]    |     ^^^^^^^^^^^^^^^^^^
[INFO] [stdout] 
[INFO] [stdout] 
[INFO] [stdout] warning: unused import: `std::vec`
[INFO] [stdout]  --> src/games/mod.rs:8:5
[INFO] [stdout]   |
[INFO] [stdout] 8 | use std::vec;
[INFO] [stdout]   |     ^^^^^^^^
[INFO] [stdout] 
[INFO] [stdout] 
[INFO] [stdout] warning: unused import: `tokio::join`
[INFO] [stdout]  --> src/games/mod.rs:9:5
[INFO] [stdout]   |
[INFO] [stdout] 9 | use tokio::join;
[INFO] [stdout]   |     ^^^^^^^^^^^
[INFO] [stdout] 
[INFO] [stdout] 
[INFO] [stdout] warning: unused import: `tokio::time::sleep`
[INFO] [stdout]   --> src/games/mod.rs:10:5
[INFO] [stdout]    |
[INFO] [stdout] 10 | use tokio::time::sleep;
[INFO] [stdout]    |     ^^^^^^^^^^^^^^^^^^
[INFO] [stdout] 
[INFO] [stdout] 
[INFO] [stdout] warning: the feature `backtrace` has been stable since 1.65.0 and no longer requires an attribute to enable
[INFO] [stdout]  --> src/main.rs:1:12
[INFO] [stdout]   |
[INFO] [stdout] 1 | #![feature(backtrace)]
[INFO] [stdout]   |            ^^^^^^^^^
[INFO] [stdout]   |
[INFO] [stdout]   = note: `#[warn(stable_features)]` on by default
[INFO] [stdout] 
[INFO] [stdout] 
[INFO] [stdout] warning: the feature `backtrace` has been stable since 1.65.0 and no longer requires an attribute to enable
[INFO] [stdout]  --> src/main.rs:1:12
[INFO] [stdout]   |
[INFO] [stdout] 1 | #![feature(backtrace)]
[INFO] [stdout]   |            ^^^^^^^^^
[INFO] [stdout]   |
[INFO] [stdout]   = note: `#[warn(stable_features)]` on by default
[INFO] [stdout] 
[INFO] [stdout] 
[INFO] [stdout] warning: unused variable: `ctx`
[INFO] [stdout]    --> src/handler.rs:195:32
[INFO] [stdout]     |
[INFO] [stdout] 195 |     async fn give_money(&self, ctx: Context, msg: Message) -> RES {
[INFO] [stdout]     |                                ^^^ help: if this is intentional, prefix it with an underscore: `_ctx`
[INFO] [stdout]     |
[INFO] [stdout]     = note: `#[warn(unused_variables)]` on by default
[INFO] [stdout] 
[INFO] [stdout] 
[INFO] [stdout] warning: unused variable: `ctx`
[INFO] [stdout]    --> src/handler.rs:195:32
[INFO] [stdout]     |
[INFO] [stdout] 195 |     async fn give_money(&self, ctx: Context, msg: Message) -> RES {
[INFO] [stdout]     |                                ^^^ help: if this is intentional, prefix it with an underscore: `_ctx`
[INFO] [stdout]     |
[INFO] [stdout]     = note: `#[warn(unused_variables)]` on by default
[INFO] [stdout] 
[INFO] [stdout] 
[INFO] [stdout] warning: unused variable: `reward`
[INFO] [stdout]    --> src/games/black_jack.rs:188:17
[INFO] [stdout]     |
[INFO] [stdout] 188 |             let reward = bet_amount * 2;
[INFO] [stdout]     |                 ^^^^^^ help: if this is intentional, prefix it with an underscore: `_reward`
[INFO] [stdout] 
[INFO] [stdout] 
[INFO] [stdout] warning: unused variable: `reward`
[INFO] [stdout]    --> src/games/black_jack.rs:188:17
[INFO] [stdout]     |
[INFO] [stdout] 188 |             let reward = bet_amount * 2;
[INFO] [stdout]     |                 ^^^^^^ help: if this is intentional, prefix it with an underscore: `_reward`
[INFO] [stdout] 
[INFO] [stdout] 
[INFO] [stdout] warning: unused variable: `ctx`
[INFO] [stdout]   --> src/games/mod.rs:26:26
[INFO] [stdout]    |
[INFO] [stdout] 26 |     async fn slot(&self, ctx: Context, msg: Message) -> Result<(), Box<dyn Error + Sync + Send>> {
[INFO] [stdout]    |                          ^^^ help: if this is intentional, prefix it with an underscore: `_ctx`
[INFO] [stdout] 
[INFO] [stdout] 
[INFO] [stdout] warning: unused variable: `ctx`
[INFO] [stdout]   --> src/games/mod.rs:26:26
[INFO] [stdout]    |
[INFO] [stdout] 26 |     async fn slot(&self, ctx: Context, msg: Message) -> Result<(), Box<dyn Error + Sync + Send>> {
[INFO] [stdout]    |                          ^^^ help: if this is intentional, prefix it with an underscore: `_ctx`
[INFO] [stdout] 
[INFO] [stdout] 
[INFO] [stdout] warning: unused variable: `msg`
[INFO] [stdout]   --> src/games/mod.rs:26:40
[INFO] [stdout]    |
[INFO] [stdout] 26 |     async fn slot(&self, ctx: Context, msg: Message) -> Result<(), Box<dyn Error + Sync + Send>> {
[INFO] [stdout]    |                                        ^^^ help: if this is intentional, prefix it with an underscore: `_msg`
[INFO] [stdout] 
[INFO] [stdout] 
[INFO] [stdout] warning: unused variable: `msg`
[INFO] [stdout]   --> src/games/mod.rs:26:40
[INFO] [stdout]    |
[INFO] [stdout] 26 |     async fn slot(&self, ctx: Context, msg: Message) -> Result<(), Box<dyn Error + Sync + Send>> {
[INFO] [stdout]    |                                        ^^^ help: if this is intentional, prefix it with an underscore: `_msg`
[INFO] [stdout] 
[INFO] [stdout] 
[INFO] [stdout] error[E0599]: no method named `backtrace` found for struct `Box<dyn StdError + std::marker::Send + Sync>` in the current scope
[INFO] [stdout]    --> src/handler.rs:275:55
[INFO] [stdout]     |
[INFO] [stdout] 275 |             eprintln!("Error: {:?} at {:?}", err, err.backtrace());
[INFO] [stdout]     |                                                       ^^^^^^^^^ method not found in `Box<dyn Error + Send + Sync>`
[INFO] [stdout] 
[INFO] [stdout] 
[INFO] [stdout] error[E0599]: no method named `backtrace` found for struct `Box<dyn StdError + std::marker::Send + Sync>` in the current scope
[INFO] [stdout]    --> src/handler.rs:275:55
[INFO] [stdout]     |
[INFO] [stdout] 275 |             eprintln!("Error: {:?} at {:?}", err, err.backtrace());
[INFO] [stdout]     |                                                       ^^^^^^^^^ method not found in `Box<dyn Error + Send + Sync>`
[INFO] [stdout] 
[INFO] [stdout] 
[INFO] [stdout] error[E0599]: no method named `backtrace` found for struct `Box<dyn StdError + std::marker::Send + Sync>` in the current scope
[INFO] [stdout]    --> src/handler.rs:281:55
[INFO] [stdout]     |
[INFO] [stdout] 281 |             eprintln!("Error: {:?} at {:?}", err, err.backtrace());
[INFO] [stdout]     |                                                       ^^^^^^^^^ method not found in `Box<dyn Error + Send + Sync>`
[INFO] [stdout] 
[INFO] [stdout] 
[INFO] [stdout] error[E0599]: no method named `backtrace` found for struct `Box<dyn StdError + std::marker::Send + Sync>` in the current scope
[INFO] [stdout]    --> src/handler.rs:281:55
[INFO] [stdout]     |
[INFO] [stdout] 281 |             eprintln!("Error: {:?} at {:?}", err, err.backtrace());
[INFO] [stdout]     |                                                       ^^^^^^^^^ method not found in `Box<dyn Error + Send + Sync>`
[INFO] [stdout] 
[INFO] [stdout] 
[INFO] [stdout] error[E0599]: no method named `backtrace` found for struct `Box<dyn StdError + std::marker::Send + Sync>` in the current scope
[INFO] [stdout]   --> src/main.rs:31:51
[INFO] [stdout]    |
[INFO] [stdout] 31 |         eprintln!("Error: {:?} at {:?}", err, err.backtrace());
[INFO] [stdout]    |                                                   ^^^^^^^^^ method not found in `Box<dyn Error + Send + Sync>`
[INFO] [stdout] 
[INFO] [stdout] 
[INFO] [stdout] error[E0599]: no method named `backtrace` found for struct `Box<dyn StdError + std::marker::Send + Sync>` in the current scope
[INFO] [stdout]   --> src/main.rs:31:51
[INFO] [stdout]    |
[INFO] [stdout] 31 |         eprintln!("Error: {:?} at {:?}", err, err.backtrace());
[INFO] [stdout]    |                                                   ^^^^^^^^^ method not found in `Box<dyn Error + Send + Sync>`
[INFO] [stdout] 
[INFO] [stdout] 
[INFO] [stdout] error: aborting due to 3 previous errors; 16 warnings emitted
[INFO] [stdout] 
[INFO] [stdout] 
[INFO] [stdout] For more information about this error, try `rustc --explain E0599`.
[INFO] [stdout] 
[INFO] [stdout] error: aborting due to 3 previous errors; 16 warnings emitted
[INFO] [stdout] 
[INFO] [stdout] 
[INFO] [stdout] For more information about this error, try `rustc --explain E0599`.
[INFO] [stdout] 
[INFO] [stderr] error: could not compile `discord_bot` (bin "discord_bot") due to 4 previous errors; 16 warnings emitted
[INFO] [stderr] warning: build failed, waiting for other jobs to finish...
[INFO] [stderr] error: could not compile `discord_bot` (bin "discord_bot" test) due to 4 previous errors; 16 warnings emitted
[INFO] running `Command { std: "docker" "inspect" "8c5ba15a9743aac74bfa76b32e4771377ce2cd459503b7ddc8105fcaa60dcc39", kill_on_drop: false }`
[INFO] running `Command { std: "docker" "rm" "-f" "8c5ba15a9743aac74bfa76b32e4771377ce2cd459503b7ddc8105fcaa60dcc39", kill_on_drop: false }`
[INFO] [stdout] 8c5ba15a9743aac74bfa76b32e4771377ce2cd459503b7ddc8105fcaa60dcc39
